{"id":206,"date":"2021-12-27T07:57:03","date_gmt":"2021-12-27T06:57:03","guid":{"rendered":"http:\/\/prosites.home.pl\/autoinstalator\/wordpress6\/?page_id=206"},"modified":"2022-10-06T11:20:09","modified_gmt":"2022-10-06T09:20:09","slug":"linki","status":"publish","type":"page","link":"http:\/\/dk53-olsztyn-szczytno.pl\/index.php\/linki\/","title":{"rendered":"Linki"},"content":{"rendered":"\n<p class=\"has-medium-font-size\"><strong><a href=\"https:\/\/teams.microsoft.com\/l\/meetup-join\/19%3ameeting_YmIwNzM2NDEtNTM1YS00YjM5LTgyYjQtYWM0Y2Q5NDMwZmJm%40thread.v2\/0?context=%7b%22Tid%22%3a%22ac7673fd-eec5-4e4f-8c4a-a6417aa2b07f%22%2c%22Oid%22%3a%229010281f-a3f7-4829-bbb9-3bee3f93d235%22%7d\" data-type=\"URL\" data-id=\"https:\/\/teams.microsoft.com\/l\/meetup-join\/19%3ameeting_YmIwNzM2NDEtNTM1YS00YjM5LTgyYjQtYWM0Y2Q5NDMwZmJm%40thread.v2\/0?context=%7b%22Tid%22%3a%22ac7673fd-eec5-4e4f-8c4a-a6417aa2b07f%22%2c%22Oid%22%3a%229010281f-a3f7-4829-bbb9-3bee3f93d235%22%7d\" target=\"_blank\" rel=\"noreferrer noopener\"><mark style=\"background-color:rgba(0, 0, 0, 0)\" class=\"has-inline-color has-vivid-cyan-blue-color\">Do\u0142\u0105cz do spotkania informacyjnego >>><\/mark><\/a><\/strong><\/p>\n\n\n\n<div style=\"height:40px\" aria-hidden=\"true\" class=\"wp-block-spacer\"><\/div>\n\n\n\n<div class=\"wp-block-columns is-layout-flex wp-container-core-columns-is-layout-9d6595d7 wp-block-columns-is-layout-flex\">\n<div class=\"wp-block-column is-layout-flow wp-block-column-is-layout-flow\" style=\"flex-basis:75%\">\n<ul class=\"has-vivid-red-color has-text-color has-background wp-block-list\" style=\"background-color:#f6f6f6\"><li><a rel=\"noreferrer noopener\" href=\"https:\/\/ug.szczytno.pl\/\" data-type=\"URL\" data-id=\"https:\/\/ug.szczytno.pl\/\" target=\"_blank\"><strong>Urz\u0105d Gminy Szczytno<\/strong><br><\/a>ul. \u0141om\u017cy\u0144ska 3<br>12-100 Szczytno<br>tel. 89 623 25 80<br>e-mail: <a href=\"mailto:ugszczytno@ug.szczytno.pl\">ugszczytno@ug.szczytno.pl<\/a><\/li><\/ul>\n<\/div>\n\n\n\n<div class=\"wp-block-column is-vertically-aligned-top is-layout-flow wp-block-column-is-layout-flow\" style=\"flex-basis:20%\">\n<div class=\"wp-block-buttons is-layout-flex wp-block-buttons-is-layout-flex\"><\/div>\n\n\n\n<figure class=\"wp-block-image size-full\"><a href=\"https:\/\/ug.szczytno.pl\/\" target=\"_blank\" rel=\"noopener\"><img loading=\"lazy\" decoding=\"async\" width=\"166\" height=\"200\" src=\"http:\/\/prosites.home.pl\/autoinstalator\/wordpress6\/wp-content\/uploads\/2021\/12\/szczytno.jpg\" alt=\"\" class=\"wp-image-300\"\/><\/a><\/figure>\n\n\n\n<div class=\"wp-block-buttons is-horizontal is-content-justification-right is-layout-flex wp-container-core-buttons-is-layout-ae2fe186 wp-block-buttons-is-layout-flex\"><\/div>\n<\/div>\n<\/div>\n\n\n\n<div class=\"wp-block-columns is-layout-flex wp-container-core-columns-is-layout-9d6595d7 wp-block-columns-is-layout-flex\">\n<div class=\"wp-block-column is-layout-flow wp-block-column-is-layout-flow\" style=\"flex-basis:75%\">\n<ul class=\"has-vivid-red-color has-text-color has-background wp-block-list\" style=\"background-color:#f6f6f6\"><li><a rel=\"noreferrer noopener\" href=\"https:\/\/pasym.pl\/\" data-type=\"URL\" data-id=\"https:\/\/pasym.pl\/\" target=\"_blank\"><strong>Urz\u0105d Miasta i Gminy Pasym<\/strong><\/a><br>Rynek 8<br>12-130 Pasym<br>tel. 89 621 20 11<br>e-mail: <a href=\"mailto:umig@pasym.pl\">umig@pasym.pl<\/a><\/li><\/ul>\n<\/div>\n\n\n\n<div class=\"wp-block-column is-layout-flow wp-block-column-is-layout-flow\" style=\"flex-basis:25%\">\n<div class=\"wp-block-buttons is-horizontal is-content-justification-right is-layout-flex wp-container-core-buttons-is-layout-ae2fe186 wp-block-buttons-is-layout-flex\"><\/div>\n\n\n\n<figure class=\"wp-block-image size-full\"><a href=\"https:\/\/pasym.pl\/\" target=\"_blank\" rel=\"noopener\"><img loading=\"lazy\" decoding=\"async\" width=\"154\" height=\"200\" src=\"http:\/\/prosites.home.pl\/autoinstalator\/wordpress6\/wp-content\/uploads\/2021\/12\/pasym.png\" alt=\"\" class=\"wp-image-304\"\/><\/a><\/figure>\n<\/div>\n<\/div>\n\n\n\n<p><\/p>\n\n\n\n<div class=\"wp-block-columns is-layout-flex wp-container-core-columns-is-layout-9d6595d7 wp-block-columns-is-layout-flex\">\n<div class=\"wp-block-column is-layout-flow wp-block-column-is-layout-flow\" style=\"flex-basis:75%\">\n<ul class=\"has-vivid-red-color has-text-color has-background wp-block-list\" style=\"background-color:#f6f6f6\"><li><a rel=\"noreferrer noopener\" href=\"https:\/\/www.purda.pl\/\" data-type=\"URL\" data-id=\"https:\/\/www.purda.pl\/\" target=\"_blank\"><strong>Urz\u0105d Gminy Purda<\/strong><br><\/a>Purda 19<br>11-030 Purda<br>tel. 89 512 22 23<br>e-mail: <a href=\"mailto:ug@purda.pl\">ug@purda.pl<\/a><\/li><\/ul>\n<\/div>\n\n\n\n<div class=\"wp-block-column is-layout-flow wp-block-column-is-layout-flow\" style=\"flex-basis:25%\">\n<div class=\"wp-block-buttons is-horizontal is-content-justification-right is-layout-flex wp-container-core-buttons-is-layout-ae2fe186 wp-block-buttons-is-layout-flex\"><\/div>\n\n\n\n<figure class=\"wp-block-image size-full\"><a href=\"https:\/\/www.purda.pl\/\" target=\"_blank\" rel=\"noopener\"><img loading=\"lazy\" decoding=\"async\" width=\"200\" height=\"200\" src=\"http:\/\/prosites.home.pl\/autoinstalator\/wordpress6\/wp-content\/uploads\/2021\/12\/purda.jpg\" alt=\"\" class=\"wp-image-306\" srcset=\"http:\/\/dk53-olsztyn-szczytno.pl\/wp-content\/uploads\/2021\/12\/purda.jpg 200w, http:\/\/dk53-olsztyn-szczytno.pl\/wp-content\/uploads\/2021\/12\/purda-150x150.jpg 150w, http:\/\/dk53-olsztyn-szczytno.pl\/wp-content\/uploads\/2021\/12\/purda-100x100.jpg 100w\" sizes=\"auto, (max-width: 200px) 100vw, 200px\" \/><\/a><\/figure>\n<\/div>\n<\/div>\n\n\n\n<p><\/p>\n\n\n\n<div class=\"wp-block-columns is-layout-flex wp-container-core-columns-is-layout-9d6595d7 wp-block-columns-is-layout-flex\">\n<div class=\"wp-block-column is-layout-flow wp-block-column-is-layout-flow\" style=\"flex-basis:100%\">\n<div class=\"wp-block-columns is-layout-flex wp-container-core-columns-is-layout-9d6595d7 wp-block-columns-is-layout-flex\">\n<div class=\"wp-block-column is-layout-flow wp-block-column-is-layout-flow\" style=\"flex-basis:75%\">\n<ul class=\"has-vivid-red-color has-text-color has-background wp-block-list\" style=\"background-color:#f6f6f6\"><li><a rel=\"noreferrer noopener\" href=\"https:\/\/powiatszczycienski.pl\/\" data-type=\"URL\" data-id=\"https:\/\/powiatszczycienski.pl\/\" target=\"_blank\"><strong>Starostwo Powiatowe w Szczytnie<br><\/strong><\/a>ul. H. Sienkiewicza 1<br>12-100 Szczytno<br>tel. 89 624 70 00<br>e-mail: <a href=\"mailto:sekretariat@powiat.szczytno.pl\">sekretariat@powiat.szczytno.pl<\/a><\/li><\/ul>\n<\/div>\n\n\n\n<div class=\"wp-block-column is-layout-flow wp-block-column-is-layout-flow\" style=\"flex-basis:25%\">\n<div class=\"wp-block-buttons is-horizontal is-content-justification-right is-layout-flex wp-container-core-buttons-is-layout-ae2fe186 wp-block-buttons-is-layout-flex\"><\/div>\n\n\n\n<figure class=\"wp-block-image size-full\"><a href=\"https:\/\/powiatszczycienski.pl\/\" target=\"_blank\" rel=\"noopener\"><img loading=\"lazy\" decoding=\"async\" width=\"168\" height=\"200\" src=\"http:\/\/prosites.home.pl\/autoinstalator\/wordpress6\/wp-content\/uploads\/2022\/02\/Herb_Szczytno_krzywe.jpg\" alt=\"\" class=\"wp-image-410\"\/><\/a><\/figure>\n<\/div>\n<\/div>\n<\/div>\n<\/div>\n\n\n\n<p><\/p>\n\n\n\n<div class=\"wp-block-columns is-layout-flex wp-container-core-columns-is-layout-9d6595d7 wp-block-columns-is-layout-flex\">\n<div class=\"wp-block-column is-layout-flow wp-block-column-is-layout-flow\" style=\"flex-basis:100%\">\n<div class=\"wp-block-columns is-layout-flex wp-container-core-columns-is-layout-9d6595d7 wp-block-columns-is-layout-flex\">\n<div class=\"wp-block-column is-layout-flow wp-block-column-is-layout-flow\" style=\"flex-basis:75%\">\n<ul class=\"has-vivid-red-color has-text-color has-background wp-block-list\" style=\"background-color:#f6f6f6\"><li><a rel=\"noreferrer noopener\" href=\"http:\/\/www.powiat-olsztynski.pl\/\" data-type=\"URL\" data-id=\"http:\/\/www.powiat-olsztynski.pl\/\" target=\"_blank\"><strong>Starostwo Powiatowe w Olsztynie<\/strong><br><\/a>Plac Bema 5<br>10-516 Olsztyn<br>tel. 89 527 21 30, 521 05 19<br>e-mail: <a href=\"mailto:starostwo@powiat-olsztynski.pl\">starostwo@powiat-olsztynski.pl<\/a><\/li><\/ul>\n<\/div>\n\n\n\n<div class=\"wp-block-column is-layout-flow wp-block-column-is-layout-flow\" style=\"flex-basis:25%\">\n<div class=\"wp-block-buttons is-horizontal is-content-justification-right is-layout-flex wp-container-core-buttons-is-layout-ae2fe186 wp-block-buttons-is-layout-flex\"><\/div>\n\n\n\n<figure class=\"wp-block-image size-full\"><a href=\"http:\/\/www.powiat-olsztynski.pl\/\" target=\"_blank\" rel=\"noopener\"><img loading=\"lazy\" decoding=\"async\" width=\"166\" height=\"200\" src=\"http:\/\/prosites.home.pl\/autoinstalator\/wordpress6\/wp-content\/uploads\/2021\/12\/olsztyn.png\" alt=\"\" class=\"wp-image-315\"\/><\/a><\/figure>\n<\/div>\n<\/div>\n<\/div>\n<\/div>\n\n\n\n<p><\/p>\n","protected":false},"excerpt":{"rendered":"<p>Do\u0142\u0105cz do spotkania informacyjnego >>> Urz\u0105d Gminy Szczytnoul. \u0141om\u017cy\u0144ska 312-100 Szczytnotel. 89 623 25 80e-mail: ugszczytno@ug.szczytno.pl Urz\u0105d Miasta i Gminy PasymRynek 812-130 Pasymtel. 89 621 20 11e-mail: umig@pasym.pl Urz\u0105d Gminy PurdaPurda 1911-030 Purdatel. 89 512 22 23e-mail: ug@purda.pl Starostwo Powiatowe w Szczytnieul. H. Sienkiewicza 112-100 Szczytnotel. 89 624 70 00e-mail: sekretariat@powiat.szczytno.pl Starostwo Powiatowe w OlsztyniePlac &hellip; <\/p>\n<p class=\"link-more\"><a href=\"http:\/\/dk53-olsztyn-szczytno.pl\/index.php\/linki\/\" class=\"more-link\">Czytaj dalej<span class=\"screen-reader-text\"> \u201eLinki\u201d<\/span><\/a><\/p>\n","protected":false},"author":1,"featured_media":0,"parent":0,"menu_order":0,"comment_status":"closed","ping_status":"closed","template":"","meta":{"footnotes":""},"class_list":["post-206","page","type-page","status-publish","hentry"],"_links":{"self":[{"href":"http:\/\/dk53-olsztyn-szczytno.pl\/index.php\/wp-json\/wp\/v2\/pages\/206","targetHints":{"allow":["GET"]}}],"collection":[{"href":"http:\/\/dk53-olsztyn-szczytno.pl\/index.php\/wp-json\/wp\/v2\/pages"}],"about":[{"href":"http:\/\/dk53-olsztyn-szczytno.pl\/index.php\/wp-json\/wp\/v2\/types\/page"}],"author":[{"embeddable":true,"href":"http:\/\/dk53-olsztyn-szczytno.pl\/index.php\/wp-json\/wp\/v2\/users\/1"}],"replies":[{"embeddable":true,"href":"http:\/\/dk53-olsztyn-szczytno.pl\/index.php\/wp-json\/wp\/v2\/comments?post=206"}],"version-history":[{"count":36,"href":"http:\/\/dk53-olsztyn-szczytno.pl\/index.php\/wp-json\/wp\/v2\/pages\/206\/revisions"}],"predecessor-version":[{"id":675,"href":"http:\/\/dk53-olsztyn-szczytno.pl\/index.php\/wp-json\/wp\/v2\/pages\/206\/revisions\/675"}],"wp:attachment":[{"href":"http:\/\/dk53-olsztyn-szczytno.pl\/index.php\/wp-json\/wp\/v2\/media?parent=206"}],"curies":[{"name":"wp","href":"https:\/\/api.w.org\/{rel}","templated":true}]}}