{"id":202,"date":"2021-12-27T07:56:32","date_gmt":"2021-12-27T06:56:32","guid":{"rendered":"http:\/\/prosites.home.pl\/autoinstalator\/wordpress6\/?page_id=202"},"modified":"2022-09-20T14:13:37","modified_gmt":"2022-09-20T12:13:37","slug":"inne-dokumenty","status":"publish","type":"page","link":"http:\/\/dk53-olsztyn-szczytno.pl\/index.php\/inne-dokumenty\/","title":{"rendered":"Inne dokumenty"},"content":{"rendered":"\n<p><strong>Odszkodowania za nieruchomo\u015bci zaj\u0119te pod planowan\u0105 inwestycj<\/strong>e<\/p>\n\n\n\n<p>Na mocy decyzji zezwalaj\u0105cej na realizacj\u0119 inwestycji drogowej (uzyskanie planowane jest na prze\u0142omie 2026 i 2027 r.), po uzyskaniu przez ni\u0105 ostateczno\u015bci, nieruchomo\u015bci zaj\u0119te pod pas drogowy stan\u0105 si\u0119 na mocy prawa w\u0142asno\u015bci\u0105 Skarbu Pa\u0144stwa. Dotychczasowym w\u0142a\u015bcicielom przys\u0142uguje odszkodowanie za zaj\u0119t\u0105 nieruchomo\u015b\u0107 lub jej cz\u0119\u015b\u0107. Post\u0119powanie w sprawie wyp\u0142aty odszkodowania jest wszczynane przez wojewod\u0119 z urz\u0119du, co oznacza, \u017ce w\u0142a\u015bciciele nieruchomo\u015bci nie musz\u0105 czyni\u0107 \u017cadnych dodatkowych stara\u0144, aby otrzyma\u0107 odszkodowanie. Decyzj\u0119 ustalaj\u0105c\u0105 wysoko\u015b\u0107 odszkodowania wydaje wojewoda w oparciu o operat szacunkowy opracowany przez uprawnionego rzeczoznawc\u0119 maj\u0105tkowego, powo\u0142anego przez wojewod\u0119.<\/p>\n\n\n\n<p>Szczeg\u00f3\u0142owo o procedurach nabywania nieruchomo\u015bci pod budow\u0119 dr\u00f3g mo\u017cna przeczyta\u0107 na naszej stronie internetowej: <a href=\"https:\/\/www.gov.pl\/web\/gddkia\/iii-wyplata-odszkodowania\"><strong>wyp\u0142ata odszkodowania za nieruchomo\u015bci przej\u0119te pod budow\u0119 dr\u00f3g krajowych<\/strong><\/a>.<\/p>\n\n\n\n<div style=\"height:40px\" aria-hidden=\"true\" class=\"wp-block-spacer\"><\/div>\n","protected":false},"excerpt":{"rendered":"<p>Odszkodowania za nieruchomo\u015bci zaj\u0119te pod planowan\u0105 inwestycje Na mocy decyzji zezwalaj\u0105cej na realizacj\u0119 inwestycji drogowej (uzyskanie planowane jest na prze\u0142omie 2026 i 2027 r.), po uzyskaniu przez ni\u0105 ostateczno\u015bci, nieruchomo\u015bci zaj\u0119te pod pas drogowy stan\u0105 si\u0119 na mocy prawa w\u0142asno\u015bci\u0105 Skarbu Pa\u0144stwa. Dotychczasowym w\u0142a\u015bcicielom przys\u0142uguje odszkodowanie za zaj\u0119t\u0105 nieruchomo\u015b\u0107 lub jej cz\u0119\u015b\u0107. Post\u0119powanie w sprawie &hellip; <\/p>\n<p class=\"link-more\"><a href=\"http:\/\/dk53-olsztyn-szczytno.pl\/index.php\/inne-dokumenty\/\" class=\"more-link\">Czytaj dalej<span class=\"screen-reader-text\"> \u201eInne dokumenty\u201d<\/span><\/a><\/p>\n","protected":false},"author":1,"featured_media":0,"parent":0,"menu_order":0,"comment_status":"closed","ping_status":"closed","template":"","meta":{"footnotes":""},"class_list":["post-202","page","type-page","status-publish","hentry"],"_links":{"self":[{"href":"http:\/\/dk53-olsztyn-szczytno.pl\/index.php\/wp-json\/wp\/v2\/pages\/202","targetHints":{"allow":["GET"]}}],"collection":[{"href":"http:\/\/dk53-olsztyn-szczytno.pl\/index.php\/wp-json\/wp\/v2\/pages"}],"about":[{"href":"http:\/\/dk53-olsztyn-szczytno.pl\/index.php\/wp-json\/wp\/v2\/types\/page"}],"author":[{"embeddable":true,"href":"http:\/\/dk53-olsztyn-szczytno.pl\/index.php\/wp-json\/wp\/v2\/users\/1"}],"replies":[{"embeddable":true,"href":"http:\/\/dk53-olsztyn-szczytno.pl\/index.php\/wp-json\/wp\/v2\/comments?post=202"}],"version-history":[{"count":2,"href":"http:\/\/dk53-olsztyn-szczytno.pl\/index.php\/wp-json\/wp\/v2\/pages\/202\/revisions"}],"predecessor-version":[{"id":629,"href":"http:\/\/dk53-olsztyn-szczytno.pl\/index.php\/wp-json\/wp\/v2\/pages\/202\/revisions\/629"}],"wp:attachment":[{"href":"http:\/\/dk53-olsztyn-szczytno.pl\/index.php\/wp-json\/wp\/v2\/media?parent=202"}],"curies":[{"name":"wp","href":"https:\/\/api.w.org\/{rel}","templated":true}]}}